{"id":4922,"date":"2021-09-28T13:31:34","date_gmt":"2021-09-28T13:31:34","guid":{"rendered":"https:\/\/guerrerosgalapagar.org\/artes-marciales\/?page_id=4922"},"modified":"2021-09-28T13:31:34","modified_gmt":"2021-09-28T13:31:34","slug":"reglamento-europeo-proteccion-de-datos","status":"publish","type":"page","link":"https:\/\/guerrerosgalapagar.org\/artes-marciales\/reglamento-europeo-proteccion-de-datos\/","title":{"rendered":"Reglamento Europeo Protecci\u00f3n de Datos"},"content":{"rendered":"<p style=\"text-align: justify;\">Cumplimos Reglamento (UE) 2016\/679 del Parlamento Europeo y del Consejo, de 27 de abril de 2016 en vigor desde 25 de Mayo 2017<\/p>\n<p style=\"text-align: justify;\">Responsable de los datos introducidos en este formulario: Identidad: ACD Defensa Personal Integral &#8211; NIF: G86612181 Dir. postal: C. Colmenarejo, 29 Tel\u00e9fono: 675.034.540 Correo electronico: info@guerrerosgalapagar.org<\/p>\n<p style=\"text-align: justify;\">En nombre de la Asociaci\u00f3n tratamos la informaci\u00f3n que nos facilita con el fin de prestarles el servicio solicitado, realizar la facturaci\u00f3n del mismo. Los datos proporcionados se conservar\u00e1n mientras se mantenga la relaci\u00f3n comercial o durante los a\u00f1os necesarios para cumplir con las obligaciones legales. Los datos no se ceder\u00e1n a terceros salvo en los casos en que exista una obligaci\u00f3n legal. Usted tiene derecho a obtener confirmaci\u00f3n sobre si en ACD Defensa Personal Integral I+D estamos tratando sus datos personales por tanto tiene derecho a acceder a sus datos personales, rectificar los datos inexactos o solicitar su supresi\u00f3n cuando los datos ya no sean necesarios.\u00bb \u00abAsimismo solicito su autorizaci\u00f3n para ofrecerle informaci\u00f3n de los productos y servicios relacionados con lo solicitado.<\/p>\n","protected":false},"excerpt":{"rendered":"<p>Cumplimos Reglamento (UE) 2016\/679 del Parlamento Europeo y del Consejo, de 27 de abril de 2016 en vigor desde 25 de Mayo [&hellip;]<\/p>\n","protected":false},"author":3,"featured_media":0,"parent":0,"menu_order":0,"comment_status":"closed","ping_status":"closed","template":"","meta":{"footnotes":""},"class_list":["post-4922","page","type-page","status-publish","hentry"],"_links":{"self":[{"href":"https:\/\/guerrerosgalapagar.org\/artes-marciales\/wp-json\/wp\/v2\/pages\/4922","targetHints":{"allow":["GET"]}}],"collection":[{"href":"https:\/\/guerrerosgalapagar.org\/artes-marciales\/wp-json\/wp\/v2\/pages"}],"about":[{"href":"https:\/\/guerrerosgalapagar.org\/artes-marciales\/wp-json\/wp\/v2\/types\/page"}],"author":[{"embeddable":true,"href":"https:\/\/guerrerosgalapagar.org\/artes-marciales\/wp-json\/wp\/v2\/users\/3"}],"replies":[{"embeddable":true,"href":"https:\/\/guerrerosgalapagar.org\/artes-marciales\/wp-json\/wp\/v2\/comments?post=4922"}],"version-history":[{"count":1,"href":"https:\/\/guerrerosgalapagar.org\/artes-marciales\/wp-json\/wp\/v2\/pages\/4922\/revisions"}],"predecessor-version":[{"id":4923,"href":"https:\/\/guerrerosgalapagar.org\/artes-marciales\/wp-json\/wp\/v2\/pages\/4922\/revisions\/4923"}],"wp:attachment":[{"href":"https:\/\/guerrerosgalapagar.org\/artes-marciales\/wp-json\/wp\/v2\/media?parent=4922"}],"curies":[{"name":"wp","href":"https:\/\/api.w.org\/{rel}","templated":true}]}}

Reglamento Europeo Protección de Datos

<p style="text-align: justify;">Cumplimos Reglamento (UE) 2016/679 del Parlamento Europeo y del Consejo, de 27 de abril de 2016 en vigor desde 25 de Mayo 2017</p>
<p style="text-align: justify;">Responsable de los datos introducidos en este formulario: Identidad: ACD Defensa Personal Integral &#8211; NIF: G86612181 Dir. postal: C. Colmenarejo, 29 Teléfono: 675.034.540 Correo electronico: info@guerrerosgalapagar.org</p>
<p style="text-align: justify;">En nombre de la Asociación tratamos la información que nos facilita con el fin de prestarles el servicio solicitado, realizar la facturación del mismo. Los datos proporcionados se conservarán mientras se mantenga la relación comercial o durante los años necesarios para cumplir con las obligaciones legales. Los datos no se cederán a terceros salvo en los casos en que exista una obligación legal. Usted tiene derecho a obtener confirmación sobre si en ACD Defensa Personal Integral I+D estamos tratando sus datos personales por tanto tiene derecho a acceder a sus datos personales, rectificar los datos inexactos o solicitar su supresión cuando los datos ya no sean necesarios.» «Asimismo solicito su autorización para ofrecerle información de los productos y servicios relacionados con lo solicitado.</p>
